86?
80
Let d = 95 + -38. Let s = -40 + d. What is the remainder when (-246 + 2)*(-209)/836 is divided by s?
10
Let n be 84/(((-35)/(-10) + -4)/(-1)). Suppose -n = -12*c + 8*c. What is the remainder when c is divided by 7?
0
Let r = -52 - -55. Suppose 3 = k - 2, -r*a + 536 = k. Suppose 3*b - 228 = a. Calculate the remainder when b is divided by 35.
30
Suppose -r = -3*r + 3*r. Let q be r/(-2*2/4) + 284. Let g = -203 + q. What is the remainder when g is divided by 21?
18
Let q = 163 + 129. What is the remainder when q is divided by 7?
5
Let n = -44 - -76. Let w = -822 + 829. Calculate the remainder when n is divided by w.
4
Let r(i) = -31*i + 2446. What is the remainder when r(58) is divided by 32?
8
Let a be -2 + 1 + 5/((-20)/(-52)). Let d be (2/(-3))/(a/(-18))*4. Calculate the remainder when 21 is divided by (-75)/(-7) - d/(-14).
10
What is the remainder when (186/(-10))/(24/(-280)) is divided by 55/(((-2)/6)/(2/(-6)))?
52
Let u(j) = 2*j**2 - 21*j - 44. Let q(x) = 1. Let b(d) = -2*q(d) + u(d). What is the remainder when b(-3) is divided by 12?
11
Suppose -2*t = -2*q + 10, 3*t + 22 = 4*q - 0*t. Let j be (-60 + -3)/(-7) + 5. Calculate the remainder when j + (2 - -1) - 4 is divided by q.
6
Let w(n) = 29*n + 268. Let a be w(-11). Let l(q) = -q**3 - 3*q**2 - 1. Let s be l(-4). Calculate the remainder when a/s*(3 + -8) is divided by 8.
1
Let v = 267 + -265. Suppose 5*u - v*u = 63. Calculate the remainder when 28 is divided by u.
7
Suppose 0 = c + 3*h - 1763, 0 = -4*c - 19*h + 14*h + 7087. What is the remainder when c is divided by 105?
98
Suppose -209*y - 124*y + 5934 = -75*y. Suppose -2*s = -120 - 98. What is the remainder when s is divided by y?
17
Let i = 125 - 6. Let a = 49 + i. Suppose 5*b = -2*p + 73, -3*b - a = -4*p - 9. What is the remainder when 192 is divided by p?
36
Let c(g) = 6*g**2 + g - 1. Let f be c(1). Let n be 3 - f - (2 - 34) - 2. Suppose 65 = -14*w + n*w. Calculate the remainder when 6 is divided by w.
1
Let a = 3136 - 2749. What is the remainder when a is divided by 125?
12
Suppose 0 = 4*g - 14 - 6. Let c = 0 + g. Suppose c*w + 0*w = 100. What is the remainder when w is divided by 12?
8
Let s(u) = 2*u**2 + 37*u - 82. Let v(h) = -h - 3. Let n be v(-3). What is the remainder when s(-21) is divided by n - -13*(-2 - -3)?
10
Let k = -14461 - -14647. What is the remainder when 6135 is divided by k?
183
Suppose 0 = 18*r - 7789 - 1194 + 649. What is the remainder when r is divided by 42?
1
Let a(o) = o**3 - o**2 - 4*o + 3. Let q = -593 - -602. Let b(j) = -10*j + 98. Calculate the remainder when a(3) is divided by b(q).
1
Let n be 19 - ((-9 - -5) + 8*1). Let s = 18 - n. Suppose -7 = s*o - 82. What is the remainder when o is divided by 10?
5
Let m = -2884 - -4110. Suppose 21*n - 1653 = 17*n - 3*p, 3*n - m = -5*p. What is the remainder when n is divided by 12?
9
Let a(k) = k + 33. Calculate the remainder when (-22)/4*(-15800)/550 is divided by a(-15).
14
Suppose 121*i - 249453 + 62567 = 108233. Calculate the remainder when i is divided by 222.
219
Let r(y) = -11*y**2 - 2. Let x be r(-4). Let n(l) = 72*l + 1754. What is the remainder when n(-23) is divided by 2/9 + x/(-9)?
18
Let g = 15765 - 15740. Calculate the remainder when 8073 is divided by g.
23
Suppose 4*i = -81*i + 6205. Let g = 77 + 214. Calculate the remainder when g is divided by i.
72
Suppose -587*t = -460*t - 6731. Let w(l) = 10*l - 4. Let q be w(3). Suppose z = q + 1. What is the remainder when t is divided by z?
26
Suppose -4*y - 5*j + 6610 = 0, -3*y + 56*j = 55*j - 4967. Calculate the remainder when y is divided by 20.
15
Let u(z) = 3*z**3 - 78*z**2 + 3*z - 57. Calculate the remainder when 351 is divided by u(26).
15
Let q be ((-44)/(-6))/((-66)/(-2475)). Suppose u = 2*f + 39, -85 = -4*u + 2*f + 53. What is the remainder when u is divided by (24/5)/(110/q)?
9
What is the remainder when 213 is divided by (1 - 3 - -7) + (-16)/8 + 3?
3
What is the remainder when -3 - -11*(-14 + 149) is divided by 99?
96
Let x(q) = 5*q**2 - 4*q - 13. Suppose -10 = 2*r - 5*d - 47, 4*r + d = 19. Calculate the remainder when x(r) is divided by 18.
17
Suppose 0 = 45*j - 229 + 4. What is the remainder when 7487 is divided by j?
2
Let l(c) = 2*c + 142. Let k be l(26). Suppose 0 = -2*t + 222 - k. Calculate the remainder when t is divided by 1 + -1 + (1 - -3).
2
Suppose 19*h - 14 = 100. Let v be (-20)/8 + 1/(-2). What is the remainder when 1/(v*3/(-243)) is divided by h?
3
Let b = -121 - -122. Suppose 16 = -4*f, -4*d - 2*f + b = -3. Suppose -3*w + d*u - 4*u = -262, w - 83 = 4*u. What is the remainder when w is divided by 20?
7
Suppose -26 - 68 = -2*a. Let u(x) = 4*x**2 + 41*x + 168. Let i be u(-5). Let q = i - a. What is the remainder when 190 is divided by q?
14
Let f = -98 - -102. Calculate the remainder when 25 + 2/(4/f) is divided by 11.
5
Suppose -2*j = -2*s - j + 127, 2*j = 5*s - 315. Suppose 10*f - 141 = -5*b + 6*f, 0 = 2*b - 5*f - 96. What is the remainder when s is divided by b?
28
Let c(u) = 45*u + 44. Let r be c(-4). Let i = -13 - r. Calculate the remainder when i is divided by 31.
30
Let k = 155 + -21. Let z = 140 - k. What is the remainder when 59 is divided by z?
5
Suppose -96 + 19 = -y. Suppose 177 - 225 = -6*t. What is the remainder when y is divided by t?
5
Let f = 102 + -74. Suppose h = i + 3*h - 88, 3*i = -3*h + 264. Suppose 1368 = 14*r - i. Calculate the remainder when r is divided by f.
20
Let f be (-54)/((-45)/(-5)) + 6. Suppose -2*k + 7*k + 4*i - 441 = f, -2*k + 174 = i. What is the remainder when k is divided by 34?
17
Suppose -3*c + 17 = -5*o + 6, 2 = -2*c + o. What is the remainder when 63 is divided by 2 - c*(-8)/(-12)?
3
Let k = -12 - -28. Let f(u) = u**3 - 13*u**2 + 12*u + 5. Let v be (5/(-3) - 280/(-24)) + 2. Calculate the remainder when k is divided by f(v).
1
Let z = -2566 + 2602. What is the remainder when 281 is divided by z?
29
Let o(m) = 2935*m**2 + 20*m + 4. What is the remainder when o(1) is divided by 20?
19
Let u = -3722 + 3756. Let f = -49 + 113. Calculate the remainder when f is divided by u.
30
Suppose -132 = -z + 80. Let i = z - 179. What is the remainder when 128 is divided by i?
29
Let v = -52 + 74. Suppose -32*p + 531 = 19. Calculate the remainder when v is divided by p.
6
Calculate the remainder when 9 is divided by -9 + (-1177)/(-88) - (-18)/(-48).
1
Suppose 0 = 5*j - 288 - 67. Suppose 0 = 5*w + 5, -6*p + 4*w - j = -11*p. Let b = 32 + 41. What is the remainder when b is divided by p?
13
Let s(y) = -2*y**2 + 4*y + 223. Calculate the remainder when 688 is divided by s(0).
19
Suppose 0 = -7*i - 35*i + 588. What is the remainder when 345 is divided by i?
9
Let l = -1594 + 1889. Calculate the remainder when l is divided by 45.
25
Suppose 977 - 11867 = -11*w. Suppose 0 = 12*x - w - 246. Let r = 39 - 18. Calculate the remainder when x is divided by r.
19
Let b = 728 - 675. Let s = -52 + 57. Suppose -6 = p + 4*i, 4*i - 3*i + s = 0. What is the remainder when b is divided by p?
11
Let i = 11 + 2. Let q = -23168 + 23216. Calculate the remainder when q is divided by i.
9
Let d = -306 + 306. Suppose d*b + 4*b = 4*g - 36, -4*b - 49 = -5*g. Let c = -135 - -193. Calculate the remainder when c is divided by g.
6
Let w(u) = 101*u + 3. Suppose -1 + 2 = j. Let h be w(j). Suppose 7*f - 510 + h = 0. Calculate the remainder when f is divided by 15.
13
Suppose 12*h - 11*h - 2 = 0. Suppose -73*p - 32 = -n - 70*p, h*n + p - 57 = 0. Calculate the remainder when 101 is divided by n.
14
Let i = -539 - -618. Suppose 36*l - i*l = -602. Calculate the remainder when 152 is divided by l.
12
Let i = -125 - -181. Let s = i - 52. What is the remainder when 42 is divided by (s - (-46)/(-6))/((-3)/9)?
9
Calculate the remainder when 6465 is divided by (-1184)/(-111) + 7/21.
8
Let u(p) = -p**3 + 15 + 5*p - 12*p**2 - p**3 + 3*p**3. Let v = 4905 - 4893. Calculate the remainder when u(v) is divided by 19.
18
Suppose 8 - 35 = -3*s - 3*f, 18 = s + 4*f. Calculate the remainder when 125 is divided by s.
5
Suppose 4*y - 5*z + 8 - 35 = 0, 2*y = 2*z + 12. Suppose -x = 2*u - 6, 0 = 2*u + y*x - 2. What is the remainder when 66 is divided by u?
2
Suppose 0 = k + h + 197, -4*k + 5*h = -0*h + 833. Let t = -195 - k. What is the remainder when 19 is divided by t?
5
Suppose 25 + 27 = -4*v. Let d(y) = y**2 + 